4
Let t(s) be the third derivative of -7*s**4/6 + 2485*s**2. What is t(0)?
0
Let r(c) = 48*c - 378. Let m(k) = 2*k**2 + 80*k + 806. Let a be m(-21). Calculate r(a).
6
Let j(z) = -1384*z - 7 - 1370*z + 2738*z. Calculate j(3).
-55
Let b(s) = 4*s - 51. Suppose 82*x - 47 = 266 - 67. Calculate b(x).
-39
Let z(s) = -13*s - 53. Let l(a) = 6*a + 19. Let r(k) = -5*l(k) - 2*z(k). Give r(15).
-49
Let t(v) = 7*v - 15. Let m(o) = -2*o + 3. Let c(l) = -3*m(l) - t(l). Calculate c(-3).
9
Let g be (-4*6/(-28))/((-111)/777). Let u be 2/(-8) + 81/36. Let c(n) = -3*n - 6*n + u*n - n**2 - 9. Give c(g).
-3
Suppose 22*z = 11*z - 165. Let k = -12 - z. Let i(c) = -5*c + 3. Determine i(k).
-12
Suppose 97*d = 96*d + 3, 20 = k + 2*d. Let i(r) = 2*r**3 - 27*r**2 - 12*r - 26. Give i(k).
2
Let a(t) = -t**2 - t + 10. Let g = 77 + -75. Suppose -3 = -p + 2*q, g*p + q = -1 + 2. Let r be ((-2)/(-6) + 1/(-3))/p. Determine a(r).
10
Let q(o) be the first derivative of o**4/4 - 2*o**3 + 3*o**2/2 - 7*o + 10. Let b(r) = 6*r**3 - r**2 - r + 2. Let v be b(1). What is q(v)?
11
Let z(r) be the second derivative of r**5/20 - r**4/12 + 3*r**3/2 - 7*r**2/2 + 2*r + 4328. Determine z(2).
15
Let w(a) = 221*a - 620*a + 211*a - 284 + 2*a**2 + 211*a. Give w(-19).
1
Let f(u) = u**3 + 27*u**2 - 29*u - 39. Let k be (-68)/4 + (-748)/68. What is f(k)?
-11
Let z(g) = -g**2 - 3*g - 10. Let x = -3191 - -3188. What is z(x)?
-10
Let v(h) be the second derivative of 1/12*h**4 - 2*h**2 - 3 - 11*h - h**3. What is v(6)?
-4
Let j(k) = 2*k**2 - 18*k + 23. Suppose -78*m + 2819 = 2273. Give j(m).
-5
Let b(y) = 1 + 0*y + y + 0*y. Let j(r) = -r**3 + 10*r**2 - 18*r + 20. Let k = 343 - 335. Let o be j(k). What is b(o)?
5
Let w be ((-420)/100)/((-4)/(-8)*(-4)/10). Let l(f) = 8*f - 171. What is l(w)?
-3
Suppose 4 = 2*p, -18 = 7*d - 3*d + p. Let k(z) = -z**2 + 3*z + 7. Calculate k(d).
-33
Suppose 25*y = 29*y - 8. Let l be (0/1 - 2)/(-3 + y). Let r(g) = 4 + 1 - 5*g**l + 18*g - 20*g - 2*g**3 + 3*g**3. Calculate r(4).
-19
Let k(s) = 5*s**3 - 11*s**2 - 13*s - 3. Let n(j) = -8*j**3 + 21*j**2 + 27*j + 5. Let r(d) = -5*k(d) - 3*n(d). Give r(-5).
5
Let z(i) = -i**2 - 2*i - 16. Let j(d) = 43*d - 297. Let n be j(7). Suppose c - 3*u = -9, n*c - 5*u - 6 = -21. Determine z(c).
-16
Suppose -4*t - 162 = -n, 3*t = 2*t - 2*n - 27. Let l(g) = 2*g**2 + 78*g - 7. Give l(t).
-7
Suppose -7*v + 160 = 3*v. Suppose v = -5*l + 26. Suppose 2*h - 18 = -l*n, h - 16 = -3*n + 3. Let c(k) = k**3 - 6*k**2 + 5*k - 1. Calculate c(h).
-13
Let m(y) = -3*y**3 + y**2 + y - 1. Let a be m(1). Let u(o) = -2*o**2 - 5*o - 4. Let h(f) = -f**2 - 2*f - 2. Let r(t) = -7*h(t) + 3*u(t). Give r(a).
8
Let u(d) = -18*d**3 + d**2 - d. Let r(t) = 30*t + 31. Let s be (-3)/(-6)*-2*(-38 - -39). Let n be r(s). Give u(n).
-18
Suppose -3*p + 8*p + 5*a - 25 = 0, 4*a + 36 = 3*p. Suppose p*k + 2*h = 4*k + 16, -5*h - 20 = -5*k. Let d(f) = f**2 + 0 + 3 + 4 + k*f - 1. What is d(-4)?
6
Suppose -q - l = -2, 1 = -3*q + l + 11. Let n(z) = -q*z**2 - 1212 + 1208 - z**2 - 8*z + 5*z**2. Let f(x) = -6*x. Let t be f(-1). Calculate n(t).
-16
Let m(a) be the first derivative of 7/3*a**3 + 1/4*a**4 + 4*a + 1/2*a**2 + 105. What is m(-7)?
-3
Suppose -402 = 5*l - 77. Let n = -36 - l. Let q = -29 + n. Let a(g) = g**3 + g**2 + g + 9. What is a(q)?
9
Let d(b) be the first derivative of 6*b**3 - 21*b**2/2 + 21*b - 2551. What is d(1)?
18
Let z(r) = -r**2 + 8*r - 7. Let m be z(8). Let k(i) = -20*i**2 + 331*i + 8. Let v(h) = -11*h**2 + 180*h + 5. Let g(c) = 6*k(c) - 11*v(c). Determine g(m).
0
Suppose 3*m + 5*o = 38, 0 = 5*m - 4*o - 15 + 1. Let w(u) = 5*u + 5. Let d(c) = -1981*c + 992*c + 988*c. Let k(i) = m*d(i) + w(i). Determine k(5).
0
Suppose -12*m + 15*m = j + 8, 0 = -j - 5. Let x(b) = 3 + 0 + b**2 - 3 + 2*b - m. Suppose 3*r = 5*r - 2*t, 3*r - 5*t + 2 = 0. Determine x(r).
2
Let z = 97 - 96. Suppose 0 = l - 20 + z. Let v(a) = -a**3 + 21*a**2 - 38*a + 11. Let c be v(l). Let o(q) = q**3 - 11*q**2 - q + 4. Calculate o(c).
-7
Let g(l) be the third derivative of l**4/24 - l**3/2 + 10*l**2 + 402*l. Let a(t) = 4*t**2 - 2 + 3*t + t - 5*t + t**3. Let o be a(-3). What is g(o)?
7
Let j be 3 - (4 + 28/(-4) + 4). Let i(p) be the second derivative of 5*p + 1/2*p**3 + 0 + 1/2*p**j + 1/12*p**4. Calculate i(-2).
-1
Let s(g) = 3*g**3 + 2*g**2 - 2*g + 1. Let o(j) = j**2 - 7*j. Let z be o(5). Let u = -9 - z. What is s(u)?
4
Let l(k) be the third derivative of -k**5/60 - 17*k**4/24 - 3*k**3 - 2*k**2 + 11*k. Determine l(-16).
-2
Suppose 2*q - 1 = 3*i, 6*q + 5*i = 9*q - 1. Suppose -q*v = -4*y + 3 - 11, -4*v - 2*y = -6. Let r(s) = -s**3 + s**2 - 2*s + 1. Give r(v).
-7
Let q be 2 + 6/3 + -4. Suppose q = -y + 5*y + 4. Let o(v) be the first derivative of -2*v**3 - v + 3041. What is o(y)?
-7
Let g(z) be the second derivative of -7*z**5/120 - z**4/24 + 5*z**3/2 + 53*z. Let m(d) be the second derivative of g(d). Give m(-3).
20
Let f(v) = 3*v - 3. Let m be (-5 + 0 + 6)*6. Let q be (-3)/((-27)/(-18)*4/m). Calculate f(q).
-12
Let c(f) = -11*f - 22. Let y = -9178 + 9172. Give c(y).
44
Suppose -5*s + 62 = -0*v + v, -3*v + 164 = 4*s. Let g = v + -48. Let p(l) = -g + 4*l + l**2 - 3*l + 7 - l**3. Calculate p(0).
3
Suppose 2480 = -118*t - 234. Let r(g) = -3*g - 76. Determine r(t).
-7
Let t(k) = -23*k**2 - 1. Let l(d) be the third derivative of d**5/60 - d**4/4 - 71*d**3/6 + 27*d**2 - d. Let a be l(12). Determine t(a).
-24
Let j(r) = -25*r**3 + r**2 + 2*r. Let o(f) = -24*f**3 - 29*f**2 + 57*f + 25. Let a(g) = j(g) - o(g). Determine a(28).
3
Suppose -28*i + 6 = -22*i. Suppose -1 + i = -2*o. Let z(c) = -2*c - 1. Let j be z(o). Let f(d) = 2*d + 1. What is f(j)?
-1
Let p = 2697 + -2699. Let a(d) = -17*d - 50. What is a(p)?
-16
Let j = -7 - -4. Let d(x) = 4*x**2 - 21*x + 9. Let i be d(6). Let y(o) = 27 - 57 + o + i. What is y(j)?
-6
Let n(v) = v**3 - 5*v**2 - 11*v + 5. Suppose l + 22 = -2*w, -l = -4*w - w - 41. Let z be (6 - (-108)/(-4))*3/w. Calculate n(z).
26
Let u(f) be the third derivative of -f**5/60 + f**4/3 - f**3 - 33*f**2. Calculate u(3).
9
Let y(d) = -d**3 + 15*d**2 - 16*d + 13. Suppose 4*s + 183 = 195. Suppose 126 = 6*f + s*f. Give y(f).
-15
Suppose 5*a - 3*a - 8 = -4*g, 3*a - 3*g = 21. Let z(s) = -13*s - 1 + 6*s - 20. Let d(w) = 20*w + 62. Let q(v) = a*d(v) + 17*z(v). Calculate q(0).
15
Let a(u) = -152*u - 7 + 19 + 2*u**2 + 5 + 144*u. Determine a(2).
9
Let m(r) = 2*r. Let o(y) = 8*y**3 + 13 - 9*y**3 - 3*y**2 - 2*y**2 + 2*y. Let n be o(4). Let s = -118 - n. Calculate m(s).
10
Let w(y) be the second derivative of -y**5/20 - 5*y**4/12 + y**2 - y. Let a be 5/(20/4924) + 12/(-4). Let f = 1225 - a. Give w(f).
-16
Suppose -802 + 107 = 770*u + 75. Let p(o) = -o. Let b(g) = 18*g + 1. Let w = 3 - 2. Let m(v) = w*b(v) + 5*p(v). Determine m(u).
-12
Let l be 126/7 + -10 + (-1)/(-1). Let q(m) = m - 12. Calculate q(l).
-3
Suppose 2*r - 4 + 0 = 0. Let b(d) = 10 + 999*d**2 - 1998*d**r + 998*d**2 + 13*d. What is b(15)?
-20
Let f(k) = -4*k**2 - 16*k - 21. Let h(g) = 3*g**2 + 15*g + 23. Let j(q) = -2*f(q) - 3*h(q). Calculate j(-11).
-5
Let o(y) = -34*y**3 - 3*y - 19*y**2 - 37863 + 37828 + 33*y**3. Give o(-19).
22
Let p(u) = 3*u. Let k = 250 + -229. Suppose -6*v - 6 = -7*v - h, -3*v = 4*h - k. What is p(v)?
9
Let c(a) = -4*a**3 + 19*a**2 + 4*a - 2. Let o be c(5). Let p(x) = x**3 + 8*x**2 + 6*x + 4. What is p(o)?
11
Let i(n) = 3*n**2 + 24*n + 9. Let y be i(-11). Suppose y = 7*z + 11*z. Let k(d) = -d - 5. Determine k(z).
-11
Let z(d) = -6*d. Let b be (2 + -4)*(0 + 0 + -2). Let w be -3 + ((-12)/b)/(-3) + 1. Give z(w).
6
Let k(y) = 2 + 14*y**2 - 3*y**2 + 6*y**2 + 0*y**2 + 14*y**2 - y. Determine k(1).
32
Suppose 4*o - 24 = -4*r, -21 = -4*o - 3*r - 0. Let x(y) = -283 + 282 + 2*y - 5*y + y**2. Calculate x(o).
-1
Let r = 5 + -1. Let t be (-1)/4 + ((-9)/r)/(-1). Let c(v) = 0*v**2 - v + v**t - 4 - v - 2*v. Determine c(4).
-4
Let v(j) be the second derivative of -j**4/12 + 3*j**3/2 + 5*j**2 - j + 1. Determine v(7).
24
Let l = 14 + 3. Suppose 0 = -l*p + 15*p. Let n(s) = p + 2 - s - 5. Determine n(-10).
7
Let t(o) = o**2 - o + 1. Suppose r - 15 = -12. Suppose -5*u = -2*u + 4*z + 22, 5*u + 22 = -r*z. Let m(y) = y**2 + y + 3. Let b(s) = u*t(s) + m(s). Give b(3).
1
Suppose 0 = -c + 2*m + 13, -3*m + 5128 = 2*c + 5081. Let x(j) = 2*j**2 - 38*j + 7. Determine x(c).
7
Let d(